1201 + -20?
-111000021221
In base 7, what is 5541 - 223?
5315
In base 11, what is 5733 - 15?
5719
In base 16, what is -5 - -8505?
8500
In base 12, what is 126 + 4?
12a
In base 15, what is 1 - -7bc8a?
7bc8b
In base 15, what is 27b + d89?
1115
In base 13, what is 0 + 97713?
97713
In base 15, what is -3 - 9e321?
-9e324
In base 9, what is -6851 + -88?
-7050
In base 5, what is 1131 + -14304?
-13123
In base 13, what is 1a7c + 10aa?
2b59
In base 5, what is 1033 - -114304?
120342
In base 10, what is -1807 + 212?
-1595
In base 11, what is -1514 - -23?
-14a1
In base 6, what is 240515 - 1313?
235202
In base 11, what is -8024 - 4?
-8028
In base 15, what is 1 - 5ceb0?
-5ceae
In base 4, what is 2133 + 12?
2211
In base 14, what is 68 - 157?
-cd
In base 8, what is -374207 - 12?
-374221
In base 9, what is -10 + 282844?
282834
In base 14, what is 89 - -4cc2?
4d6b
In base 2, what is -1111111100 + -111101?
-10000111001
In base 12, what is -16b - 5436?
-55a5
In base 5, what is 2 + 34012?
34014
In base 3, what is 1111 + -100222112?
-100221001
In base 16, what is 2 + 3f11?
3f13
In base 9, what is -2 + -45035?
-45037
In base 15, what is 2c88 - 3a?
2c4d
In base 5, what is -23043 - 423?
-24021
In base 5, what is -3 + 2024222?
2024214
In base 9, what is 25 + -18487?
-18462
In base 6, what is 10211331 - 0?
10211331
In base 15, what is 5 - -7c86?
7c8b
In base 9, what is 1 - 230220?
-230218
In base 12, what is -8385 + 4?
-8381
In base 5, what is 43 + -32?
11
In base 8, what is -4 - -205505?
205501
In base 16, what is b55 + -119?
a3c
In base 10, what is 1357 - 79?
1278
In base 2, what is 10 + 101000001001111001010?
101000001001111001100
In base 8, what is 37401 + -11?
37370
In base 4, what is -212313 + 33231?
-113022
In base 3, what is 2211 + -10112210?
-10102222
In base 10, what is -266 + -582?
-848
In base 2, what is -1001 + -110110101011110?
-110110101100111
In base 11, what is 103 + 214a?
2252
In base 8, what is -5 - 1616251?
-1616256
In base 8, what is 173 + 741?
1134
In base 3, what is -220 - 22201101012?
-22201102002
In base 8, what is 17607 + 1466?
21275
In base 9, what is 17 - 74411?
-74383
In base 7, what is 2040562 + -2?
2040560
In base 13, what is 36c3b + c?
36c4a
In base 4, what is 102120321 + 21?
102121002
In base 6, what is 202242 + 5?
202251
In base 10, what is -4 - -54356?
54352
In base 14, what is 2dac9a - -5?
2daca1
In base 16, what is 27362 + 2?
27364
In base 7, what is 12 - 52?
-40
In base 2, what is 11 - -1110111011100111?
1110111011101010
In base 16, what is 232c8 - 0?
232c8
In base 7, what is 1031123 + -4?
1031116
In base 4, what is 3032 + -10103?
-1011
In base 14, what is 5c + -10a?
-8c
In base 10, what is 270 - -19?
289
In base 10, what is -3391 + 119?
-3272
In base 2, what is -10010111 + -1101000?
-11111111
In base 13, what is 27cb - -7a?
2878
In base 4, what is -1 - 223111?
-223112
In base 13, what is 12 - 39193?
-39181
In base 8, what is -3 + -25303?
-25306
In base 10, what is 47364 - -41?
47405
In base 12, what is 23a5 - -62?
2447
In base 9, what is -260358 + -13?
-260372
In base 13, what is 487a9 - 5?
487a4
In base 16, what is -4a2 - -3f?
-463
In base 10, what is -10512 + 8?
-10504
In base 13, what is 29b0 - -4?
29b4
In base 12, what is -b26 + 329?
-7b9
In base 4, what is -102101 - 131?
-102232
In base 7, what is 133 - -41502?
41635
In base 10, what is 26 - 3877?
-3851
In base 13, what is -158b + -97?
-1655
In base 4, what is 3112021 + 10?
3112031
In base 13, what is -98 - 1727?
-17c2
In base 9, what is 722 - 42?
670
In base 4, what is -113021232 - 1?
-113021233
In base 11, what is 8 + 351a?
3527
In base 8, what is 450 - 61?
367
In base 9, what is -28613 - -7?
-28605
In base 9, what is 42 + 2083?
2135
In base 9, what is 102627 - -3?
102631
In base 4, what is -303 + -30030233?
-30031202
In base 5, what is 24200030 - -120?
24200200
In base 4, what is -3 + -312103021?
-312103030
In base 9, what is 2 - -321055?
321057
In base 8, what is -60160 + 1?
-60157
In base 5, what is 3041 + -144?
2342
In base 8, what is -26704 + 3?
-26701
In base 12, what is -126 - 1b5?
-31b
In base 7, what is 22163 + 2?
22165
In base 14, what is -4 - 414b7?
-414bb
In base 3, what is -12 + -1102212201?
-1102212220
In base 2, what is -100001011110101001 - 1001?
-100001011110110010
In base 7, what is -1042066 + -3?
-1042102
In base 14, what is -3 - 1216?
-1219
In base 9, what is 12 + 21640?
21652
In base 6, what is 105345021 - -1?
105345022
In base 13, what is -4 - 1cc42c?
-1cc433
In base 7, what is 4 + 2024336?
2024343
In base 3, what is 1101101110 - -1020?
1101102200
In base 7, what is 5112025 + -1?
5112024
In base 9, what is -4 + -134081?
-134085
In base 6, what is 502150 - -11?
502201
In base 7, what is -54103 + -16?
-54122
In base 13, what is -603 - 63?
-666
In base 10, what is 1161207 + 4?
1161211
In base 6, what is 3 + -10014111?
-10014104
In base 10, what is 0 + -37331?
-37331
In base 11, what is 31 + 964?
995
In base 12, what is -16 - -a5b?
a45
In base 10, what is -3 - -26354?
26351
In base 2, what is -100100 - -1010000010110?
1001111110010
In base 12, what is 124 + 235?
359
In base 2, what is -11010 - 101110010111100?
-101110011010110
In base 14, what is 34d0 - 3?
34cb
In base 14, what is a + -28c0?
-28b4
In base 7, what is 214 + 22224?
22441
In base 6, what is -13 - 424212?
-424225
In base 7, what is 15204 + 16?
15223
In base 8, what is 333 + -100?
233
In base 5, what is -1002 - -2000300?
1444243
In base 4, what is -330120 + -21?
-330201
In base 5, what is 4312 + 1004?
10321
In base 5, what is 12 + -24144?
-24132
In base 7, what is 34 - 2432?
-2365
In base 8, what is -3 - -233672?
233667
In base 6, what is -5 - 1322?
-1331
In base 11, what is -128 + -655?
-782
In base 16, what is 5b2 - -15d?
70f
In base 14, what is 1 - -29c4?
29c5
In base 5, what is 3 - 310142?
-310134
In base 13, what is 228b84 + -5?
228b7c
In base 16, what is 1b1f + 17?
1b36
In base 13, what is 607b - 3?
6078
In base 14, what is -3 + -22ba0?
-22ba3
In base 12, what is -4 + a56a?
a566
In base 5, what is 10230 - -1122?
11402
In base 5, what is 104000 + 3?
104003
In base 4, what is 10 - -12320203?
12320213
In base 12, what is 53504 + -4?
53500
In base 9, what is 204770 + 8?
204778
In base 9, what is 835 - 621?
214
In base 7, what is -30 + -12146?
-12206
In base 6, what is 2 - -2241005?
2241011
In base 14, what is 16 - 61a?
-604
In base 12, what is -1 + 30886?
30885
In base 8, what is 0 - -1421263?
1421263
In base 7, what is -3422266 + -2?
-3422301
In base 4, what is -21313 + 12202?
-3111
In base 3, what is 1022210221 - -101?
1022211022
In base 8, what is -5 + 1050212?
1050205
In base 10, what is -5 + 136883?
136878
In base 9, what is 1175864 + -7?
1175856
In base 3, what is 102 - -122102001?
122102110
In base 3, what is 1 + -120220020122?
-120220020121
In base 9, what is -1 - -676002?
676001
In base 8, what is 350 + -2126?
-1556
In base 10, what is 3344 + -26?
3318
In base 9, what is -83 - -567?
474
In base 8, what is 22144 - 237?
21705
In base 10, what is -825 - 45?
-870
In base 13, what is -1525 + -8?
-1530
In base 10, what is -80 - 147?
-227
In base 3, what is 11002020 - -110?
11002200
In base 2, what is 1001000 + -11011011100010?
-11011010011010
In base 4, what is -101332 + -211?
-102203
In base 5, what is -4043342 + 2?
-4043340
In base 10, what is 14348 - -1?
14349
In base 14, what is c72 + 11?
c83
In base 10, what is -10529 + -5?
-10534
In base 15, what is 2e2027 - -1?
2e2028
In base 2, what is 101001011001111000 + 101?
101001011001111101
In base 2, what is -11011 + -1000001110?
-1000101001
In base 16, what is 45a + -31?
429
In base 11, what is 1 - 96520?
-9651a
In base 5, what is 4 - 1000202?
-1000143
In base 4, what is -21213111013 + -2?
-21213111021
In base 11, what is -375 - 49?
-413
In base 3, what is 10 + 120112101?
120112111
In base 3, what is -1 - 112012212?
-112012220
In base 15, what is -5 + -18d65?
-18d6a
In base 11, what is 46a - -30?
49a
In base 15, what is 288 - -7a?
313
In base 4, what is -10201 - 321131?
-331332
In base 16, what is -1e0 + 70?
-170
In base 12, what is 2361 + 1?
2362
In base 8, what is -1216 - 7?
-1225
In base 4, what is -1100000100 + -23?
-1100000123
In base 11, what is a16 - -116?
1031
In base 5, what is -3133 + -441020?
-444203
In base 9, what is -3 + -10